). Suppose -7*x = s - 1359. Calculate the highest common factor of 51 and x.
17
Let p(z) = -z**3 + 15*z**2 + 20*z - 48. Suppose 564 - 580 = -d. Let u be p(d). Calculate the greatest common factor of u and 568.
8
Let n = 7493 - 7432. Calculate the highest common factor of n and 49349.
61
Let f be ((-6)/(-4) - (6 + (-55)/10)) + 128. Calculate the highest common divisor of 1677 and f.
129
Let n be -12 + 30 - -3 - -14. Let t be 1469/6 + (-1)/(-6). What is the greatest common factor of n and t?
35
Suppose -47 = -5*q - 27. Suppose o - 2*f = 3*o - 6, -f = q*o - 12. Let m be (23 - o)*(-3)/(-6). Calculate the greatest common divisor of m and 10.
10
Let i = 48549 - 48546. Let b(x) = 4*x**2 - 3*x - 1. Let g be b(4). What is the greatest common factor of g and i?
3
Suppose -83 = -a - 3*s + 245, -2*s + 1536 = 5*a. What is the greatest common factor of a and 399?
19
Suppose 2*y - 24 = -28, -2*a + y = -94. What is the greatest common divisor of 1357 and a?
23
Let v(w) = -2*w**3 - 31*w**2 + 9*w - 82. Let x be v(-16). What is the greatest common divisor of x and 710?
10
Let f = 319 - 305. Suppose -15*l + f*l + 32 = 0. What is the greatest common factor of l and 288?
32
Suppose 17*s = 945 + 5481. What is the greatest common divisor of s and 8?
2
Let l be ((-65)/(-26))/(10/2168). Suppose -14 = -5*g + 3*g. Suppose g*y - l = -38. Calculate the greatest common factor of y and 9.
9
Let d(y) = -10*y + 5. Let i = -262 - -261. Let q be d(i). Calculate the highest common divisor of q and 60.
15
Let w be (1 - 0) + -9 + 8. Suppose -3*p + 0*p + 153 = w. Suppose 0 = -3*g - 2*g + 85. Calculate the greatest common factor of p and g.
17
Let j be (-32)/(-7) + (-6)/(-14). Suppose -j*z - 3*v + 0*v + 50 = 0, -z + 2 = -v. Suppose -z*a = -6*a - 70. What is the highest common factor of a and 14?
14
Let z = 125928 + -125874. Suppose -5*u = -6*u + 189. What is the highest common divisor of z and u?
27
Let y be (-5)/75*3 - ((-37387)/35 - 4). What is the highest common divisor of 938 and y?
134
Suppose -4*l + 1 = -y, -2*l + 19 = 3*y - 3*l. Let g = 29 + y. What is the highest common factor of g and 234?
18
Let q = 8 + 30. Let l(s) = -s**2 - 8*s. Let w be l(-1). Suppose -w*v - 23 = -422. Calculate the highest common divisor of v and q.
19
Let y = -11554 - -11689. Let m = 38 - -7. Calculate the highest common factor of y and m.
45
Let i be -5*(-12 - -1 - -1). Let o(v) = -v**2 + 359*v - 5589. Let x be o(17). Calculate the greatest common factor of i and x.
25
Suppose 2*b + 2*h = 3840, 5*b + 0*h + 3*h - 9614 = 0. Calculate the highest common factor of 329 and b.
47
Let g be -2 + 6 - -3*168/9. Suppose -3 = -f - 4, -3*f + 222 = 5*y. Calculate the greatest common divisor of y and g.
15
Let l(u) = 27*u - 2. Let h be l(2). Let v be 1/(-21)*-12 - (-5)/((-245)/(-609)). What is the greatest common divisor of h and v?
13
Let l(a) = a**2 + a + 6. Let i be l(-5). Suppose 0 = -5*x + 431 + 909. Let k be (-85)/(-51) - x/(-3). What is the greatest common factor of k and i?
13
Let n(d) = 275*d - 4698. Let j be n(30). Calculate the highest common divisor of 1221 and j.
111
Let j(c) = 21*c**2 + 29*c + 8. Let d be j(-3). Calculate the greatest common divisor of 110 and d.
110
Let u be 6/4*12 + 2. What is the greatest common divisor of 530 and u?
10
Suppose 5*x - 2*w - 3*w = 125, -2*x + 5*w + 41 = 0. Suppose -21*n - 336 = -x*n. What is the highest common factor of 6 and n?
6
Let k(u) = -287*u + 1. Let t be k(-1). What is the greatest common factor of t and 774?
18
Let y be (-1 - -525)*4*(-6)/(-12). Suppose 0 = p - 2, 5*t - 6*p + 2*p = -y. Let w = 344 + t. What is the greatest common divisor of 17 and w?
17
Suppose 0 = 4*g - 4*y - 484, 4*y = -y + 25. Let f be (g/(-35))/(1/(-5)). Suppose -16*t = -f*t + 234. Calculate the greatest common divisor of 13 and t.
13
Let a be (-58 - 2)*(9 - -24)/(-99). Suppose i - 160 = -0*i. What is the highest common divisor of i and a?
20
Let m = -6115 + 17896. What is the greatest common divisor of m and 33?
33
Suppose -7*s + 128 = -96. What is the highest common factor of s and 1376?
32
Suppose -y = 2*o + 38, 0 = -2*y + 3*o + 16 - 92. Let a(j) = j**3 + 39*j**2 + 34*j + 30. Let l be a(y). Calculate the greatest common factor of l and 14.
14
Suppose -157*v + 162*v = 130. Let y be v + (8/3)/((-2)/3). What is the highest common divisor of y and 22?
22
Let y = -64 + 66. Suppose y*a - 13*j - 88 = -17*j, 88 = 2*a + j. Calculate the greatest common factor of 99 and a.
11
Suppose -5*p - 2*j + 1 - 23 = 0, -2*j = -4*p - 14. Let i = 0 - p. Let v be ((-20)/(-8))/(5/i). What is the greatest common divisor of 16 and v?
2
Let u = -7 - -471. Calculate the greatest common factor of u and 1044.
116
Let n(b) = 3*b - 60. Let h be n(122). Calculate the greatest common divisor of h and 323.
17
Let r = -40037 - -40100. Calculate the greatest common divisor of 91 and r.
7
Let q = 10531 - 10513. Calculate the highest common factor of 3726 and q.
18
Let j = -5 - -8. Suppose -4*g - 4*x + 104 = 0, 2*x - 4*x - 88 = -j*g. Let u = 4950 - 4929. What is the highest common divisor of g and u?
7
Let r(p) = -18*p**2 + 5*p + 17. Let x be r(-3). Let w = x - -162. What is the highest common factor of 1 and w?
1
Suppose -87*n = -74*n - 4394. Let p = -242 + 372. What is the greatest common divisor of p and n?
26
Let t be (11992/(-8))/((-9)/6 - -1). Suppose 2995*h = t*h - 576. What is the greatest common factor of 6 and h?
6
Suppose 2*w - 241 - 59 = -x, -2*x - 160 = -w. Suppose -13*m + 20*m - 3990 = 0. Suppose -101*d = -71*d - m. Calculate the highest common divisor of d and w.
19
Suppose -20*y = -2 - 5 - 53. Let a be (-1 + 2 + -1)/(-1). Suppose -r + 4*l - 14 = -3*r, a = -y*r - l + 16. What is the greatest common factor of r and 5?
5
Suppose 91 = l + 35. Let p(s) = 2*s**2 - 33*s + 24. Let x be p(22). Calculate the highest common divisor of x and l.
14
Let b = -2473 - -2488. Calculate the highest common factor of 1845 and b.
15
Let u(n) = n**3 + 70*n**2 + 194*n - 384. Let r be u(-67). Let d(b) = -10*b + 3 - 7 - 2. Let w be d(-4). Calculate the greatest common divisor of w and r.
17
Let q(k) = 4*k**2 + 18*k - 7. Let w be q(-5). Suppose -2*r - 44 = -4*l, 4*r + 11 = l + w*r. Calculate the highest common factor of l and 583.
11
Suppose -m - 4*y = -7 - 1, 3*y + 84 = 3*m. Suppose 8759 + 985 = 21*u. Let t = u + -461. What is the greatest common divisor of m and t?
3
Suppose 4*i - 9*i = 1010. Let o = i - -366. What is the highest common factor of 41 and o?
41
Let s = 335 - 333. Suppose -s*w + 5*l = -122, -3*w - 4*l - l + 208 = 0. What is the highest common divisor of w and 594?
66
Let w be 28/6*(-573)/(-1337). What is the highest common factor of 1322 and w?
2
Suppose 27*s = 46361 + 16954. Let j = s - 1227. Calculate the highest common divisor of j and 26.
26
Let d be 10 - (6/3)/1. Let z = 22 - 15. Suppose 4*b + 4*r - 168 = 0, -b + 41 = 4*r - z. What is the highest common factor of b and d?
8
Let o = 1124 + 569. Suppose -1704*b = -o*b - 198. Let r = 92 - 47. What is the highest common divisor of b and r?
9
Let y(q) = -8 + 6*q**2 - 7 + 14. Let i be y(1). What is the highest common factor of 2 and i?
1
Let m be (-6)/4*(1332/12)/((-63)/28). What is the highest common factor of m and 2?
2
Let t(a) = a**3 + 6*a**2 + 7*a - 12. Let h be t(-4). Let x be h/2 + 34*14/7. What is the greatest common divisor of x and 240?
16
Suppose 4*w = 2*w + 198. Suppose 0 = 33*o - 31*o - 100. Suppose q = -2*q + 3*s + 48, -s = 5*q - o. Calculate the greatest common divisor of q and w.
11
Suppose -108*l + 72*l = -21528. Calculate the greatest common factor of l and 46.
46
Let f be (-1716)/(-260) - (-6)/(-10). Let y(r) = -3*r + 22. Let p be y(f). Calculate the highest common divisor of p and 14.
2
Let t = -530 + 557. Let k be (868/180 - 6/t)*15. What is the greatest common factor of k and 46?
23
Suppose -4*z = v - 56, -2*z - 4*v + 11 + 3 = 0. Let k(y) = 15 - 25*y - 24*y + 7*y**2 - 24*y + 67*y. Let d be k(3). What is the highest common factor of z and d?
15
Let b be 56*12/(-96)*(0 + -5). Let h be ((-8)/(-10))/(2/5). Let j be (-1260)/(-2)*1/h. What is the highest common divisor of j and b?
35
Let t = 2899 + -2349. What is the greatest common factor of 1210 and t?
110
Let v be 4152/(-8) + 5 - -4. Let w = v - -520. Calculate the highest common divisor of 2 and 